of f?
7
Suppose 29*x = 30*x - 3. Suppose 3*w - 2*l - 16 = 0, 2*w - 3*l - 25 = -x*w. Suppose 4*r - 356 = -3*m, w*r = m + 3*m + 200. What is the tens digit of r?
9
What is the thousands digit of (303 + -305)/((-2)/9713)?
9
Suppose 4*g + 10 = -m, -2*m + 3*g - 2 = 5*g. Let p be (1 + 10/(-8))/(8/(-96)). Suppose 5*n = 5*i - 535, -p*i + 324 = -4*n + m*n. What is the tens digit of i?
1
Suppose 0*f = -3*f + 12. Let g(r) = r**3 - 5*r**2 + 8*r - 10. Let s be g(f). Suppose -3*b + s + 312 = 0. What is the hundreds digit of b?
1
Suppose 2*b - 56 = -5*k - 2, 4*b = 5*k - 42. Suppose k*m = 6*m + 2276. Let y = m - 332. What is the hundreds digit of y?
2
Suppose 20*b - 2*m = 15*b + 22417, 3*b - 13413 = -5*m. What is the thousands digit of b?
4
Suppose 4*v + 108230 = 5*c, -107*v = 4*c - 112*v - 86575. What is the tens digit of c?
5
Let n(t) = -t**3 - 22*t**2 - 20*t + 25. Let x be n(-21). Let y(p) = x*p + 0*p + 15 - 1 + 0*p. What is the tens digit of y(4)?
3
What is the thousands digit of 37 + (-3172345)/(-77) - (-4)/(-14)?
1
What is the units digit of (-224)/98 - -2 - (-39918)/14?
1
Let y = 10384 + -8912. What is the tens digit of y?
7
Let a = 2066 - 479. Suppose c + 4*x - 529 = 0, 4*c - 7*c - 2*x + a = 0. What is the hundreds digit of c?
5
Let n(l) = -6*l - 19. Suppose 2*y - 54 = -8. Let m = y + -31. What is the tens digit of n(m)?
2
Let d = -267 - -271. Suppose 5*x - d*x = 5*w - 5712, -w - 5*x = -1158. What is the units digit of w?
3
Suppose -193*a - 29*a - 26*a + 9687872 = 0. What is the ten thousands digit of a?
3
Let s be -5 + 2/(2/3). Let i be -3*(-9)/((-27)/s). What is the units digit of (3 + i)*(-1)/(-1)?
5
Let n be (-8)/3*6/(-4). Let l(f) = -32*f + 191 - 199 + 20*f - f**2 + 5*f**3 + 14*f - 4*f**3. What is the units digit of l(n)?
8
Suppose 729 = 4*k - 215. Let d = k - 335. Let q = d - -101. What is the units digit of q?
2
Let a = 192 - 177. What is the units digit of 266/6 - a/45?
4
Let y(a) = 4*a**2 + 3*a - 17. Let q = -18 + 24. Let j be y(q). Let w = j + 56. What is the units digit of w?
1
Let w(o) = -5113*o - 12631. What is the thousands digit of w(-9)?
3
Suppose -21 = -8*x - 5. Suppose -v = y - 461, -2303 = -5*v - 5*y + x*y. What is the units digit of v?
0
Suppose -350921 = -24*p + 493615. What is the hundreds digit of p?
1
Suppose -h - 12511 = -3*a, 4*a + 27*h = 30*h + 16683. Suppose a = 4*y - 3*k + 1359, -4*k = 4*y - 2832. What is the tens digit of y?
0
Let m(z) = 159*z - 1232. What is the hundreds digit of m(54)?
3
Suppose q + 2*i - 24 = -q, 3*q - 32 = -5*i. Suppose -q*b - 3*b = -2737. What is the hundreds digit of b?
1
Let z(g) = g**3 - 6*g**2 + 7*g - 3. Suppose 2*x = -x + 15. Let y be z(x). Suppose -9*a + 110 = -y*a. What is the units digit of a?
5
Let m = 6536 - 2373. What is the thousands digit of m?
4
Let j = 2433 + 21535. What is the units digit of j?
8
Let q be ((-6)/(-8))/((-8)/32). Let r be -1*(-3 + 12 - 0) - q. Let i(o) = -26*o + 5. What is the units digit of i(r)?
1
Let q be 328/4 - ((-8)/2 - -1). Let r = q + -164. Let z = r + 258. What is the tens digit of z?
7
What is the hundreds digit of -53653*(-93 + 91)/(2*1)?
6
Let m be (5 - 95/20)/((-1)/(-8)). Suppose -m*l - 5*i = -i - 1262, 2*i - 2512 = -4*l. Suppose -5*x = -16*x + l. What is the units digit of x?
7
Suppose -192518 = -90*a + 70192. What is the units digit of a?
9
Suppose 2*n - 8*n + 7704 = 0. What is the tens digit of (n/(-21) + (-4)/(-28))*-3?
8
Let n(a) = -11*a + 3*a + 322 - 44. What is the tens digit of n(0)?
7
Let w(p) = -404*p + 254. What is the thousands digit of w(-29)?
1
Suppose 3175*y + 1017150 = 3218*y - 65633. What is the hundreds digit of y?
1
Suppose -2*g - 9 = -z, -5*z + g = -22 - 5. Let f(a) be the third derivative of 5*a**4/24 - 7*a**3/2 + 38*a**2. What is the units digit of f(z)?
4
What is the hundreds digit of (-27)/36*(-57003 + (-27)/3)?
7
What is the units digit of (-2)/22 - 4432240/(-110)?
3
Let v be (114/(-10)*-2)/(5/(-25)). Let n = v - -117. Suppose m + 3*m - 1116 = -5*d, 4*m = -n*d + 1108. What is the tens digit of m?
7
Let x(b) = 16*b - 1. Let o = 74 - 72. Let i be x(o). Suppose -9*s + i = -23. What is the units digit of s?
6
Let s be (4/(-3))/(4*(-6)/216). Suppose 0 = -7*g + s*g. Suppose a + 3*a + v - 274 = g, v + 2 = 0. What is the tens digit of a?
6
Let h = 222 - 226. Let s(d) = -4*d**2 + 3*d + 4. Let n(j) = j**2 - 1. Let p(t) = 3*n(t) - s(t). What is the units digit of p(h)?
7
Let d(a) = -3*a**3 - 5*a**2 + 6*a + 1. Suppose -8*g = 4*g + 60. What is the tens digit of d(g)?
2
Suppose 19*t - 21*t - 704 = 0. What is the units digit of t/(-55)*(-10)/(-4)?
6
Suppose 0 = 13*z - 2*b - 316887, 5*b + 7428 - 104971 = -4*z. What is the units digit of z?
7
Let f be (-3 - 51450/(-26)) + (-2)/(-13). Suppose 8*p - f = 4*p. What is the tens digit of p?
9
Let a(u) be the third derivative of -7*u**5/24 - u**4/8 + 2*u**3/3 - 8*u**2. Let q(r) be the first derivative of a(r). What is the tens digit of q(-1)?
3
Let g be (14 + 2048)*(0 + 1). Suppose 0 = -7*x + 3*x - 5*y + 2074, -4*x + y + g = 0. What is the hundreds digit of x?
5
Suppose -4*w = -5*h - 0*h - 1166, -3*w = -5*h - 872. Let i = w - 205. Suppose -z = -4*r - i + 565, 0 = -4*z. What is the units digit of r?
9
Let i be (1 + (-23)/(-3))/((-14)/189). What is the units digit of i/(-195) + (-2004)/(-10)?
1
Let i(s) be the first derivative of 5*s**2/2 + 13*s - 1. Let z be i(-2). Let q(w) = 8*w**2 - 5*w + 2. What is the tens digit of q(z)?
5
Let j(q) = q**3 - 40*q**2 + 347*q + 56. What is the units digit of j(31)?
4
Let u be 2*1/(-2) + (2 - 1). What is the units digit of (1 + (-2 - u))/((-8)/248)?
1
Let v(m) = m**3 + 11*m**2 - 3. Let t be v(-11). Let z(r) = 7*r**2 - 3*r - 1. What is the tens digit of z(t)?
7
Let b = -187786 + 266521. What is the thousands digit of b?
8
Let u be 7/2 - 1/2. Let y(i) = -i**2 + 12*i - 21. Let w be y(6). Suppose -w = 3*p, -399 = -z - u*z - p. What is the tens digit of z?
0
Let d be (-30)/(3/72*(-8)/(-36)). What is the units digit of ((-25)/4)/((-10)/d*-3)?
5
Suppose 13*d - 17*d + 44952 = 2*v, 3*d = -2*v + 44953. What is the units digit of v?
8
Suppose 11835 + 10745 = 4*t - 95504. What is the hundreds digit of t?
5
Let r be 1 + 8/2 - 3. Suppose -r*q + 394 = 5*n - 6*q, -2*n - 2*q + 172 = 0. Let v = -68 + n. What is the units digit of v?
4
Let g = 108 + -58. Let b be -6*2/(-4)*g/6. Suppose 0 = f - 54 - b. What is the tens digit of f?
7
Let s = 158 - 154. Suppose 2*p + s*d - 478 = 0, -6*d = -2*p - 7*d + 493. What is the hundreds digit of p?
2
Let p = 112 - 109. Let y be (p/(-2))/((-6)/(-140)). Let x = y - -84. What is the units digit of x?
9
Let h(f) = 41*f - 35. Let c be h(1). What is the units digit of -1 + 5 + (1049 - c/3)?
1
Suppose -31*h + 23*h = 40*h - 14976. What is the units digit of h?
2
Let a(w) = 1791*w**2 + 82*w - 5. What is the thousands digit of a(3)?
6
Suppose -4*b = 2*z - 7*z - 5050, 0 = -2*b - 5*z + 2570. What is the hundreds digit of b?
2
Let z = 48282 + -34087. What is the units digit of z?
5
Suppose 33 = -3*a + 3*n, 0 = 4*a + n - 0*n + 34. Suppose -19*x - 432 = -25*x. What is the units digit of (x/15)/(a/(-30))?
6
Let c be 0 + (-12)/(-14) - (-200)/175. Suppose 2*g - 2*i = 1792, 4*g - 3578 = -0*i + c*i. What is the tens digit of g?
9
Let c(n) = -5*n + 8. Let k(u) = 5*u + 26. Let y be -4 + 5 + (-70)/7. Let h be k(y). What is the tens digit of c(h)?
0
Let t(a) = 19*a**3 - 8*a - 11. What is the tens digit of t(6)?
4
Let r(p) = -934*p - 1282. What is the hundreds digit of r(-11)?
9
Let y = -1708 - -1709. Let i be 62 + (-2)/2*1. What is the units digit of (2 + i + -2)/y?
1
Let b(m) = -m**2 - 11*m + 2. Let t be b(-6). Let q(n) = n**3 - 32*n**2 + 29*n + 51. Let k be q(31). Let g = t + k. What is the units digit of g?
1
Let s be -5 + (8 - -3) + -12. Suppose -4*g + 5 = -3*v, -g + 5*v - v = 15. What is the units digit of ((-9)/g)/(s/270)?
1
Suppose -3*i + 43004 = -y, 14340 = i - 29*y + 26*y. What is the thousands digit of i?
4
Let i = -29 + 31. Let w(f) = 77 - i*f**3 + 4*f**3 - 25. What is the units digit of w(0)?
2
Suppose -2*u = -0*t + 2*t - 26, -3*t + 38 = 2*u. Let b(w) = w**2 - 18*w + 19. Let i be b(t). Let q = i - -93. What is the units digit of q?
0
Let q = 130 - 130. Let o(r) = r**2 + 2*r + 193. What is the units digit of o(q)?
3
Let p(c) = c**3 - 2*c**2 + 7*c - 1. Let o = -75